nd derivative of s**3/2 - 7*s**2/2 - 2*s. Let x = 12 + -3. Let f be c(x). Calculate the greatest common factor of f and 10.
10
Let a(z) = -164*z + 1. Let t be a(-1). Calculate the highest common factor of 15 and t.
15
Let m(d) = -6*d - 28. Let j be m(-10). What is the greatest common factor of j and 48?
16
Let l be ((-12)/2)/((-8)/56). What is the greatest common divisor of 63 and l?
21
Suppose f + 29 = 2*q, -2*q - 3*f + 5 + 4 = 0. Let b be 8*3*-4*5/(-20). Calculate the greatest common divisor of q and b.
12
Suppose -2*z - 22 = -34. What is the greatest common divisor of z and 66?
6
Suppose -5*z + 172 = 4*a - 3, 0 = -z - 4*a + 19. Suppose 2*v - z = 5*i - 15, -4*v + 18 = 5*i. Calculate the highest common factor of v and 7.
7
Suppose 0 = -q + 11 + 45. Let c be (-3 + -11)/((-5)/5). What is the greatest common factor of q and c?
14
Let w = -14 - -42. Let b = w - 16. What is the greatest common divisor of 12 and b?
12
Let c = 90 - 38. Let h = 76 - c. What is the highest common factor of h and 60?
12
Let r be 4/(-10) - (-3748)/20. Suppose 2 - 8 = -2*c. Suppose 29 = -3*g + c*w + 71, 3*w = -4*g + 77. Calculate the highest common divisor of g and r.
17
Let u(p) = p**2 + 7*p - 7. Let j be u(-11). What is the highest common factor of j and 74?
37
Suppose -3 = -o + 1. Let y be (0 - o - -1) + 12. What is the greatest common factor of y and 36?
9
Suppose -15*y + 13*y = -660. Calculate the greatest common divisor of y and 30.
30
Let q(d) = 5*d + 2. Let h be q(3). Let b = h - 14. What is the greatest common divisor of 2 and b?
1
Let v(r) = r**3 - 7*r**2 - 6*r - 2. Let i(o) = o**3 - o**2 - o. Let b(p) = -2*i(p) + v(p). Let u be b(-5). What is the greatest common factor of u and 18?
18
Let c(t) = t**2 + t - 2. Let b be c(-5). Let w = -30 - -174. What is the greatest common factor of b and w?
18
Suppose 3*t - 5*t = -94. Suppose -5*k + 38 = 5*z - 87, 3*k = 3*z + 51. Let a = t - k. Calculate the greatest common factor of 39 and a.
13
Let b(w) = -w**3 - 4*w**2 - 5*w - 3. Let m be b(-3). Let q = 3 - m. Suppose v - 20 + 0 = q. Calculate the highest common factor of v and 8.
4
Suppose 5*r = 7*r - 2. Calculate the highest common divisor of 5 and r.
1
Let s = -9 + 7. Let p be (4 + 4/s)/2. Let n = 1 + 3. Calculate the greatest common divisor of n and p.
1
Suppose 2*o = 0, -52 = -7*r + 3*r - 5*o. Calculate the highest common factor of r and 65.
13
Suppose -5*w + 18 + 27 = 0. Let h(y) = y**2 - 4*y + 9. Let b be h(w). Calculate the greatest common divisor of 6 and b.
6
Let t be (11/3)/((-5)/(-15)). Suppose -4*o = o - 5. Calculate the highest common divisor of o and t.
1
Let u(v) = v**3 + v**2 - 5*v - 1. Let l be u(3). Suppose -2*n - 2*z + 228 - 60 = 0, -2*n = 4*z - 176. What is the highest common factor of l and n?
20
Suppose 86 = 5*b - 39. Let p be 6*(1 + 66/9). What is the highest common divisor of p and b?
25
Let o = 61 - 35. What is the highest common factor of 52 and o?
26
Suppose -4 = -w, -w + 24 = 4*t - 4. Let u(q) = 5*q**2 - 6*q + 2*q**3 - 6 + 3*q**2 - 3*q**3. Let y be u(7). What is the highest common divisor of y and t?
1
Suppose -5*q + 37 = -613. Suppose -4*y = -f + 42, 3*y - 36 = -2*f - y. What is the highest common factor of q and f?
26
Let i = 90 - 13. What is the greatest common divisor of 7 and i?
7
Suppose 2 + 4 = 3*q. Suppose 7 = 3*l - q. Let b(u) = -u**2 + 8*u + 5. Let t be b(7). Calculate the greatest common factor of t and l.
3
Let r = -128 + 144. What is the greatest common divisor of r and 16?
16
Suppose 2*u - 14 = 2*f, 2*u - 25 = 3*f + 3*u. Let z = f - -16. Suppose 88 = 5*r - 4*j, j = -j - 4. Calculate the greatest common factor of r and z.
8
Let j be (30/(-20))/((-3)/10). Suppose -j*r + 189 = 39. Let q = 47 + 28. What is the greatest common divisor of q and r?
15
Let s be (-4 + 0/1)*1 + 112. Suppose -3*a + 39 = 5*x, 77 + 7 = 4*a - 4*x. Calculate the highest common factor of s and a.
18
Suppose 5*g - 48 - 577 = -3*x, 4 = -4*g. Suppose -84 - 56 = -4*p. Calculate the highest common divisor of x and p.
35
Let p be (-45)/(-12)*2*2. Let d = 1 + p. What is the highest common factor of d and 16?
16
Suppose -2*i + 4*u = -30, -3*i - i = 2*u - 10. Let a(p) = p**2 - 4*p. Let s be a(i). Calculate the greatest common factor of s and 5.
5
Let m = -46 + 151. Let z = 33 - 18. What is the greatest common factor of m and z?
15
Suppose -4*m = -137 - 43. Calculate the highest common divisor of m and 10.
5
Let l = 28 + -18. Let q(b) = 13*b - 21. Let u be q(7). Calculate the highest common divisor of u and l.
10
Let z be 6460/28 - (-4)/14. Calculate the highest common factor of z and 21.
21
Let n = 9 - 6. Suppose -n*h + 43 = 7. Calculate the highest common factor of h and 96.
12
Suppose -o + 10 = 2*c - 6, c = 5*o - 14. Calculate the highest common factor of c and 18.
6
Suppose 10 = -2*o, -3*d - 4*o + 3 = -2*d. What is the highest common factor of 69 and d?
23
Let l = 597 + -408. Suppose 4*w - 105 = -w. What is the highest common factor of w and l?
21
Suppose 4*h - 19 = 33. Suppose -h = -2*p + 13. Calculate the highest common divisor of p and 39.
13
Let l = -1 - -5. Suppose -l*n + 198 = -2*n. Let p be (-2)/3 + (-70)/(-6). What is the greatest common divisor of n and p?
11
Let n = 12 + -15. Let g be 4 + (-3 - n - 2). Calculate the greatest common divisor of 3 and g.
1
Suppose -5*x + 3*t = -68, -2*x + x = 3*t - 10. What is the highest common divisor of 117 and x?
13
Let w be (6 + 10)/((-2)/(-13)). Calculate the highest common divisor of w and 13.
13
Let z = -20 - -26. Calculate the greatest common factor of z and 3.
3
Suppose -3*q - 2 = -h + 1, 4*q - 10 = -h. Let s be h + ((-4)/(-2) - 5). Suppose -10 = -s*n - 2*n. Calculate the greatest common factor of 5 and n.
1
Let x be (-18)/(-21)*(-7)/(-1). Calculate the greatest common factor of x and 78.
6
Let u(w) = w**3 + 4*w**2 - 6*w - 3. Let i be u(-5). Suppose i*l - 300 = -3*l. What is the highest common factor of 15 and l?
15
Suppose 0*s = -3*s + 405. Calculate the highest common divisor of s and 15.
15
Let n = -8 - -12. Suppose -4*x = x. Suppose 2*v - 88 = -x*v. What is the greatest common factor of n and v?
4
Let n be ((-6)/(-18))/(1/3). Let m be 14 - (1 + n + 1). What is the highest common factor of m and 121?
11
Suppose 4*f - 15 + 3 = 0. Let b = 5 - -7. Calculate the greatest common divisor of b and f.
3
Let w be (-93)/(-12) - (-12)/(-16). Let i(s) = 5*s**2 - 2*s - 3. Let b be i(-2). What is the highest common factor of b and w?
7
Suppose 5*d + 8 = 4*d + 4*v, -2 = -2*v. Let l = d + 10. Suppose f = 5, 4*f - 46 - 1 = -3*o. Calculate the greatest common factor of o and l.
3
Let x(r) = -r**2 - r. Let h(c) = 4*c**2 - 4*c + 1. Let p(n) = h(n) + 3*x(n). Let s be p(-7). Let m = 29 - 20. What is the highest common factor of m and s?
9
Let y = 297 - 153. Let m be 12/5*(-45)/(-6). What is the greatest common factor of m and y?
18
Let x be 2/(-13) + 8/52. Let v = x + 2. What is the highest common divisor of v and 5?
1
Suppose 3*a - 41 = 4. What is the highest common divisor of a and 45?
15
Suppose -13 = -2*q + 3*m, 4*q - 5*m - 21 = 6. Let z(n) = -n**3 + 3*n**2 - 2*n + 3. Let w be z(2). Let d = q - w. Calculate the highest common factor of d and 1.
1
Let u be (-1)/(3/(-21) - 0)*9. Calculate the highest common divisor of u and 9.
9
Let g = 4 - 1. Suppose -z - 90 = -g*z. Let y be 2/9 - (-2015)/z. What is the highest common divisor of 30 and y?
15
Suppose 0 = -j - j + 54. What is the greatest common divisor of 3 and j?
3
Suppose 3*y = 5*g - 8, 4*g - 4*y + 5*y = 20. Suppose 0 = -2*k - 2*d + 90, g*k - 2*k - 2*d = 86. Calculate the highest common factor of k and 11.
11
Let m = 8 + -6. Let y = 45 - -91. Suppose -4*p + 3*u + y = m*u, 3*p - 3*u = 111. What is the greatest common divisor of p and 3?
3
Let o(j) = -j**2 - 8*j - 10. Let u be o(-8). Let d = u + 33. Calculate the greatest common divisor of d and 161.
23
Let q = -7 - -26. Suppose -q = 4*n - 151. Suppose 0*z = 3*z - n. Calculate the greatest common factor of z and 55.
11
Let v(x) = x + 3. Let n be v(-2). Let i be 4*((-39)/(-12) - 3). Calculate the highest common divisor of n and i.
1
Suppose -5*v + 75 = -25. Calculate the highest common divisor of 5 and v.
5
Let z = 85 + -5. Let l be (-1*2)/(1 - 2). Suppose l*w - 7*w = -50. Calculate the greatest common factor of z and w.
10
Suppose 